{"id":15,"date":"2026-03-29T23:58:37","date_gmt":"2026-03-29T23:58:37","guid":{"rendered":"https:\/\/proyectnetwork.cl\/?page_id=15"},"modified":"2026-04-06T11:30:17","modified_gmt":"2026-04-06T11:30:17","slug":"inicio","status":"publish","type":"page","link":"https:\/\/proyectnetwork.cl\/","title":{"rendered":"Inicio"},"content":{"rendered":"\n<div class=\"wp-block-cover alignfull is-light\" style=\"min-height:824px;aspect-ratio:unset;\"><span aria-hidden=\"true\" class=\"wp-block-cover__background has-background-dim-100 has-background-dim has-background-gradient\" style=\"background:linear-gradient(35deg,rgb(6,0,151) 0%,rgb(130,4,255) 73%,rgb(193,15,255) 100%)\"><\/span><div class=\"wp-block-cover__inner-container is-layout-flow wp-block-cover-is-layout-flow\">\n<div class=\"wp-block-group alignwide is-layout-constrained wp-block-group-is-layout-constrained\"><\/div>\n\n\n\n<div class=\"wp-block-columns alignwide is-layout-flex wp-container-core-columns-is-layout-28f84493 wp-block-columns-is-layout-flex\">\n<div class=\"wp-block-column is-vertically-aligned-center is-layout-flow wp-block-column-is-layout-flow\" style=\"flex-basis:71%\">\n<h1 class=\"wp-block-heading has-text-align-left has-white-color has-text-color\" id=\"0-proyect-network\">Proyect Network<\/h1>\n\n\n\n<p class=\"has-text-align-left has-white-color has-text-color\">Nos especializamos en soluciones tecnol\u00f3gicas integrales para hogares y empresas. Instalamos sistemas de alarmas, c\u00e1maras de seguridad, paneles solares y puntos de red. Ofrecemos servicios confiables, personalizados y con altos est\u00e1ndares de calidad.<\/p>\n<\/div>\n\n\n\n<div class=\"wp-block-column is-layout-flow wp-block-column-is-layout-flow\" style=\"flex-basis:29%\">\n<figure class=\"wp-block-image size-full\"><img loading=\"lazy\" decoding=\"async\" width=\"1024\" height=\"1536\" src=\"https:\/\/proyectnetwork.cl\/wp-content\/uploads\/2026\/03\/ChatGPT-Image-30-mar-2026-12_16_39-a.m.png\" alt=\"\" class=\"wp-image-36\" style=\"aspect-ratio:3\/4;object-fit:cover\" srcset=\"https:\/\/proyectnetwork.cl\/wp-content\/uploads\/2026\/03\/ChatGPT-Image-30-mar-2026-12_16_39-a.m.png 1024w, https:\/\/proyectnetwork.cl\/wp-content\/uploads\/2026\/03\/ChatGPT-Image-30-mar-2026-12_16_39-a.m-200x300.png 200w, https:\/\/proyectnetwork.cl\/wp-content\/uploads\/2026\/03\/ChatGPT-Image-30-mar-2026-12_16_39-a.m-683x1024.png 683w, https:\/\/proyectnetwork.cl\/wp-content\/uploads\/2026\/03\/ChatGPT-Image-30-mar-2026-12_16_39-a.m-768x1152.png 768w\" sizes=\"auto, (max-width: 1024px) 100vw, 1024px\" \/><\/figure>\n<\/div>\n<\/div>\n<\/div><\/div>\n\n\n\n<div class=\"wp-block-group alignfull has-ast-global-color-5-background-color has-background is-layout-constrained wp-container-core-group-is-layout-9cedb757 wp-block-group-is-layout-constrained\" style=\"padding-bottom:0px\">\n<h2 class=\"wp-block-heading screen-reader-text\" id=\"1-socios-partners\">Socios Partners<\/h2>\n\n\n\n<div class=\"wp-block-columns are-vertically-aligned-top is-layout-flex wp-container-core-columns-is-layout-00723822 wp-block-columns-is-layout-flex\">\n<div class=\"wp-block-column is-vertically-aligned-top is-layout-flow wp-container-core-column-is-layout-6b73ce23 wp-block-column-is-layout-flow\">\n<figure class=\"wp-block-image size-full\"><img loading=\"lazy\" decoding=\"async\" width=\"240\" height=\"71\" src=\"https:\/\/proyectnetwork.cl\/wp-content\/uploads\/2026\/03\/dahua-si.png\" alt=\"\" class=\"wp-image-54\"\/><\/figure>\n<\/div>\n\n\n\n<div class=\"wp-block-column is-vertically-aligned-top is-layout-flow wp-container-core-column-is-layout-6b73ce23 wp-block-column-is-layout-flow\">\n<figure class=\"wp-block-image size-full\"><img loading=\"lazy\" decoding=\"async\" width=\"240\" height=\"48\" src=\"https:\/\/proyectnetwork.cl\/wp-content\/uploads\/2026\/03\/hikvision.jpg\" alt=\"\" class=\"wp-image-55\"\/><\/figure>\n<\/div>\n\n\n\n<div class=\"wp-block-column is-vertically-aligned-top is-layout-flow wp-container-core-column-is-layout-6b73ce23 wp-block-column-is-layout-flow\">\n<figure class=\"wp-block-image size-full\"><img loading=\"lazy\" decoding=\"async\" width=\"240\" height=\"70\" src=\"https:\/\/proyectnetwork.cl\/wp-content\/uploads\/2026\/03\/hagroy.png\" alt=\"\" class=\"wp-image-56\"\/><\/figure>\n<\/div>\n\n\n\n<div class=\"wp-block-column is-vertically-aligned-top is-layout-flow wp-container-core-column-is-layout-6b73ce23 wp-block-column-is-layout-flow\">\n<figure class=\"wp-block-image size-full is-resized\"><img loading=\"lazy\" decoding=\"async\" width=\"381\" height=\"132\" src=\"https:\/\/proyectnetwork.cl\/wp-content\/uploads\/2026\/03\/dsc-si.png\" alt=\"\" class=\"wp-image-58\" style=\"aspect-ratio:2.887456618740704;width:136px;height:auto\" srcset=\"https:\/\/proyectnetwork.cl\/wp-content\/uploads\/2026\/03\/dsc-si.png 381w, https:\/\/proyectnetwork.cl\/wp-content\/uploads\/2026\/03\/dsc-si-300x104.png 300w\" sizes=\"auto, (max-width: 381px) 100vw, 381px\" \/><\/figure>\n<\/div>\n\n\n\n<div class=\"wp-block-column is-layout-flow wp-block-column-is-layout-flow\">\n<figure class=\"wp-block-image size-full\"><img loading=\"lazy\" decoding=\"async\" width=\"240\" height=\"65\" src=\"https:\/\/proyectnetwork.cl\/wp-content\/uploads\/2026\/03\/ezviz.png\" alt=\"\" class=\"wp-image-60\"\/><\/figure>\n<\/div>\n\n\n\n<div class=\"wp-block-column is-layout-flow wp-block-column-is-layout-flow\">\n<figure class=\"wp-block-image size-full\"><img loading=\"lazy\" decoding=\"async\" width=\"800\" height=\"214\" src=\"https:\/\/proyectnetwork.cl\/wp-content\/uploads\/2026\/03\/yoosee-logo.webp\" alt=\"\" class=\"wp-image-70\" srcset=\"https:\/\/proyectnetwork.cl\/wp-content\/uploads\/2026\/03\/yoosee-logo.webp 800w, https:\/\/proyectnetwork.cl\/wp-content\/uploads\/2026\/03\/yoosee-logo-300x80.webp 300w, https:\/\/proyectnetwork.cl\/wp-content\/uploads\/2026\/03\/yoosee-logo-768x205.webp 768w\" sizes=\"auto, (max-width: 800px) 100vw, 800px\" \/><\/figure>\n<\/div>\n\n\n\n<div class=\"wp-block-column is-layout-flow wp-block-column-is-layout-flow\">\n<figure class=\"wp-block-image size-full\"><img loading=\"lazy\" decoding=\"async\" width=\"389\" height=\"129\" src=\"https:\/\/proyectnetwork.cl\/wp-content\/uploads\/2026\/03\/descarga.png\" alt=\"\" class=\"wp-image-73\" srcset=\"https:\/\/proyectnetwork.cl\/wp-content\/uploads\/2026\/03\/descarga.png 389w, https:\/\/proyectnetwork.cl\/wp-content\/uploads\/2026\/03\/descarga-300x99.png 300w\" sizes=\"auto, (max-width: 389px) 100vw, 389px\" \/><\/figure>\n<\/div>\n\n\n\n<div class=\"wp-block-column is-layout-flow wp-block-column-is-layout-flow\">\n<figure class=\"wp-block-image size-large\"><img loading=\"lazy\" decoding=\"async\" width=\"1024\" height=\"256\" src=\"https:\/\/proyectnetwork.cl\/wp-content\/uploads\/2026\/03\/imou-1024x256.webp\" alt=\"\" class=\"wp-image-78\" srcset=\"https:\/\/proyectnetwork.cl\/wp-content\/uploads\/2026\/03\/imou-1024x256.webp 1024w, https:\/\/proyectnetwork.cl\/wp-content\/uploads\/2026\/03\/imou-300x75.webp 300w, https:\/\/proyectnetwork.cl\/wp-content\/uploads\/2026\/03\/imou-768x192.webp 768w, https:\/\/proyectnetwork.cl\/wp-content\/uploads\/2026\/03\/imou-1536x384.webp 1536w, https:\/\/proyectnetwork.cl\/wp-content\/uploads\/2026\/03\/imou.webp 1600w\" sizes=\"auto, (max-width: 1024px) 100vw, 1024px\" \/><\/figure>\n<\/div>\n\n\n\n<div class=\"wp-block-column is-layout-flow wp-block-column-is-layout-flow\">\n<figure class=\"wp-block-image size-full\"><img loading=\"lazy\" decoding=\"async\" width=\"390\" height=\"129\" src=\"https:\/\/proyectnetwork.cl\/wp-content\/uploads\/2026\/03\/ajax2.png\" alt=\"\" class=\"wp-image-84\" srcset=\"https:\/\/proyectnetwork.cl\/wp-content\/uploads\/2026\/03\/ajax2.png 390w, https:\/\/proyectnetwork.cl\/wp-content\/uploads\/2026\/03\/ajax2-300x99.png 300w\" sizes=\"auto, (max-width: 390px) 100vw, 390px\" \/><\/figure>\n<\/div>\n<\/div>\n<\/div>\n\n\n\n<div class=\"wp-block-group alignfull is-layout-constrained wp-container-core-group-is-layout-45b0ac4f wp-block-group-is-layout-constrained\" id=\"services\" style=\"padding-top:144px;padding-bottom:0px\">\n<h2 class=\"wp-block-heading\" id=\"2-servicios\">Servicios<\/h2>\n\n\n\n<div class=\"wp-block-columns is-layout-flex wp-container-core-columns-is-layout-60cbf9bb wp-block-columns-is-layout-flex\" style=\"margin-top:50px\">\n<div class=\"wp-block-column is-layout-flow wp-container-core-column-is-layout-6b73ce23 wp-block-column-is-layout-flow\">\n<figure class=\"wp-block-image size-full\"><img loading=\"lazy\" decoding=\"async\" width=\"1200\" height=\"800\" src=\"https:\/\/proyectnetwork.cl\/wp-content\/uploads\/2026\/03\/camara.jpg\" alt=\"\" class=\"wp-image-47\" srcset=\"https:\/\/proyectnetwork.cl\/wp-content\/uploads\/2026\/03\/camara.jpg 1200w, https:\/\/proyectnetwork.cl\/wp-content\/uploads\/2026\/03\/camara-300x200.jpg 300w, https:\/\/proyectnetwork.cl\/wp-content\/uploads\/2026\/03\/camara-1024x683.jpg 1024w, https:\/\/proyectnetwork.cl\/wp-content\/uploads\/2026\/03\/camara-768x512.jpg 768w\" sizes=\"auto, (max-width: 1200px) 100vw, 1200px\" \/><\/figure>\n\n\n\n<h3 class=\"wp-block-heading\" id=\"3-c%C3%A1maras-de-vigilancia-cctv\" style=\"margin-top:16px\">C\u00e1maras de vigilancia (CCTV)<\/h3>\n\n\n\n<p>Instalaci\u00f3n de sistemas de videovigilancia para monitorear en tiempo real tu hogar o negocio. Incluye configuraci\u00f3n para ver las c\u00e1maras desde el celular, grabaci\u00f3n continua o por movimiento y respaldo de im\u00e1genes.<\/p>\n<\/div>\n\n\n\n<div class=\"wp-block-column is-layout-flow wp-container-core-column-is-layout-6b73ce23 wp-block-column-is-layout-flow\">\n<figure class=\"wp-block-image size-full\"><img loading=\"lazy\" decoding=\"async\" width=\"900\" height=\"506\" src=\"https:\/\/proyectnetwork.cl\/wp-content\/uploads\/2026\/03\/alarma.jpg\" alt=\"\" class=\"wp-image-48\" srcset=\"https:\/\/proyectnetwork.cl\/wp-content\/uploads\/2026\/03\/alarma.jpg 900w, https:\/\/proyectnetwork.cl\/wp-content\/uploads\/2026\/03\/alarma-300x169.jpg 300w, https:\/\/proyectnetwork.cl\/wp-content\/uploads\/2026\/03\/alarma-768x432.jpg 768w\" sizes=\"auto, (max-width: 900px) 100vw, 900px\" \/><\/figure>\n\n\n\n<h3 class=\"wp-block-heading\" id=\"4-sistemas-de-alarmas\" style=\"margin-top:16px\">Sistemas de alarmas<\/h3>\n\n\n\n<p>Instalaci\u00f3n de alarmas que detectan intrusos mediante sensores de movimiento, apertura de puertas\/ventanas y sirenas. Pueden enviar alertas al tel\u00e9fono y funcionar de forma aut\u00f3noma o conectadas a monitoreo.<\/p>\n<\/div>\n\n\n\n<div class=\"wp-block-column is-layout-flow wp-container-core-column-is-layout-6b73ce23 wp-block-column-is-layout-flow\">\n<figure class=\"wp-block-image size-full\"><img loading=\"lazy\" decoding=\"async\" width=\"2560\" height=\"1706\" src=\"https:\/\/proyectnetwork.cl\/wp-content\/uploads\/2026\/03\/Videoporteros-y-citofonia.jpg\" alt=\"\" class=\"wp-image-49\" srcset=\"https:\/\/proyectnetwork.cl\/wp-content\/uploads\/2026\/03\/Videoporteros-y-citofonia.jpg 2560w, https:\/\/proyectnetwork.cl\/wp-content\/uploads\/2026\/03\/Videoporteros-y-citofonia-300x200.jpg 300w, https:\/\/proyectnetwork.cl\/wp-content\/uploads\/2026\/03\/Videoporteros-y-citofonia-1024x682.jpg 1024w, https:\/\/proyectnetwork.cl\/wp-content\/uploads\/2026\/03\/Videoporteros-y-citofonia-768x512.jpg 768w, https:\/\/proyectnetwork.cl\/wp-content\/uploads\/2026\/03\/Videoporteros-y-citofonia-1536x1024.jpg 1536w, https:\/\/proyectnetwork.cl\/wp-content\/uploads\/2026\/03\/Videoporteros-y-citofonia-2048x1365.jpg 2048w\" sizes=\"auto, (max-width: 2560px) 100vw, 2560px\" \/><\/figure>\n\n\n\n<h3 class=\"wp-block-heading\" id=\"5-videoporteros-y-citofon%C3%ADa\" style=\"margin-top:16px\">Videoporteros y citofon\u00eda<\/h3>\n\n\n\n<p>Sistemas que permiten ver y comunicarse con quien est\u00e1 en la entrada. Incluye apertura remota de puertas o portones desde monitor o celular.<\/p>\n<\/div>\n<\/div>\n\n\n\n<div class=\"wp-block-columns is-layout-flex wp-container-core-columns-is-layout-60cbf9bb wp-block-columns-is-layout-flex\" style=\"margin-top:50px\">\n<div class=\"wp-block-column is-layout-flow wp-container-core-column-is-layout-6b73ce23 wp-block-column-is-layout-flow\">\n<figure class=\"wp-block-image size-full\"><img loading=\"lazy\" decoding=\"async\" width=\"997\" height=\"668\" src=\"https:\/\/proyectnetwork.cl\/wp-content\/uploads\/2026\/03\/control-de-acceso.jpg\" alt=\"\" class=\"wp-image-50\" srcset=\"https:\/\/proyectnetwork.cl\/wp-content\/uploads\/2026\/03\/control-de-acceso.jpg 997w, https:\/\/proyectnetwork.cl\/wp-content\/uploads\/2026\/03\/control-de-acceso-300x201.jpg 300w, https:\/\/proyectnetwork.cl\/wp-content\/uploads\/2026\/03\/control-de-acceso-768x515.jpg 768w\" sizes=\"auto, (max-width: 997px) 100vw, 997px\" \/><\/figure>\n\n\n\n<h3 class=\"wp-block-heading\" id=\"6-control-de-acceso\" style=\"margin-top:16px\">Control de acceso<\/h3>\n\n\n\n<p>Sistemas para restringir el ingreso a ciertas \u00e1reas usando huella digital, tarjetas, PIN o reconocimiento facial. Ideal para empresas, oficinas o condominios.<\/p>\n<\/div>\n\n\n\n<div class=\"wp-block-column is-layout-flow wp-container-core-column-is-layout-6b73ce23 wp-block-column-is-layout-flow\">\n<figure class=\"wp-block-image size-full\"><img loading=\"lazy\" decoding=\"async\" width=\"1200\" height=\"800\" src=\"https:\/\/proyectnetwork.cl\/wp-content\/uploads\/2026\/03\/cableado-estructurado.jpg\" alt=\"\" class=\"wp-image-51\" srcset=\"https:\/\/proyectnetwork.cl\/wp-content\/uploads\/2026\/03\/cableado-estructurado.jpg 1200w, https:\/\/proyectnetwork.cl\/wp-content\/uploads\/2026\/03\/cableado-estructurado-300x200.jpg 300w, https:\/\/proyectnetwork.cl\/wp-content\/uploads\/2026\/03\/cableado-estructurado-1024x683.jpg 1024w, https:\/\/proyectnetwork.cl\/wp-content\/uploads\/2026\/03\/cableado-estructurado-768x512.jpg 768w\" sizes=\"auto, (max-width: 1200px) 100vw, 1200px\" \/><\/figure>\n\n\n\n<h3 class=\"wp-block-heading\" id=\"7-cableado-estructurado\" style=\"margin-top:16px\">Cableado estructurado<\/h3>\n\n\n\n<p>Instalaci\u00f3n de puntos de red (internet por cable), ordenamiento de cables, instalaci\u00f3n de racks y conexi\u00f3n de equipos para una red estable y profesional.<\/p>\n<\/div>\n\n\n\n<div class=\"wp-block-column is-layout-flow wp-container-core-column-is-layout-6b73ce23 wp-block-column-is-layout-flow\">\n<figure class=\"wp-block-image size-full\"><img loading=\"lazy\" decoding=\"async\" width=\"1025\" height=\"621\" src=\"https:\/\/proyectnetwork.cl\/wp-content\/uploads\/2026\/03\/instalacion-paneles-solares.jpg\" alt=\"\" class=\"wp-image-52\" srcset=\"https:\/\/proyectnetwork.cl\/wp-content\/uploads\/2026\/03\/instalacion-paneles-solares.jpg 1025w, https:\/\/proyectnetwork.cl\/wp-content\/uploads\/2026\/03\/instalacion-paneles-solares-300x182.jpg 300w, https:\/\/proyectnetwork.cl\/wp-content\/uploads\/2026\/03\/instalacion-paneles-solares-768x465.jpg 768w\" sizes=\"auto, (max-width: 1025px) 100vw, 1025px\" \/><\/figure>\n\n\n\n<h3 class=\"wp-block-heading\" id=\"8-paneles-solares\" style=\"margin-top:16px\">Paneles solares<\/h3>\n\n\n\n<p>Instalaci\u00f3n de sistemas solares b\u00e1sicos para generar energ\u00eda el\u00e9ctrica, ya sea para respaldo o reducci\u00f3n de consumo. Incluye conexi\u00f3n de equipos e inversores.<\/p>\n<\/div>\n<\/div>\n<\/div>\n\n\n\n<div class=\"wp-block-group alignfull has-ast-global-color-5-background-color has-background is-layout-constrained wp-container-core-group-is-layout-94d206d0 wp-block-group-is-layout-constrained\" id=\"about\" style=\"padding-top:143px;padding-bottom:144px\">\n<div class=\"wp-block-media-text has-media-on-the-right is-stacked-on-mobile is-vertically-aligned-center\"><div class=\"wp-block-media-text__content\">\n<div class=\"inherit-container-width wp-block-group is-layout-constrained wp-container-core-group-is-layout-47ce07ec wp-block-group-is-layout-constrained\" style=\"padding-right:80px\">\n<h2 class=\"wp-block-heading\" id=\"9-razones-para-elegirnos-en-tu-hogar-o-negocio\" style=\"padding-right:40px\">Razones para elegirnos en tu hogar o negocio?<\/h2>\n\n\n\n<p>Proteger y modernizar tu hogar o negocio hoy es m\u00e1s f\u00e1cil integrando soluciones como c\u00e1maras de seguridad, alarmas, control de acceso, paneles solares y redes (networking), ya que te permiten monitorear en tiempo real, prevenir robos, gestionar qui\u00e9n ingresa, reducir costos de energ\u00eda y mantener una conexi\u00f3n estable para todos tus dispositivos; todo esto se traduce en mayor seguridad, control total desde tu celular, eficiencia operativa y tranquilidad tanto para tu familia como para tu empresa.<\/p>\n<\/div>\n<\/div><figure class=\"wp-block-media-text__media\"><img loading=\"lazy\" decoding=\"async\" width=\"1024\" height=\"683\" src=\"https:\/\/proyectnetwork.cl\/wp-content\/uploads\/2026\/03\/ChatGPT-Image-30-mar-2026-04_46_51-p.m-1024x683.png\" alt=\"\" class=\"wp-image-91 size-full\" srcset=\"https:\/\/proyectnetwork.cl\/wp-content\/uploads\/2026\/03\/ChatGPT-Image-30-mar-2026-04_46_51-p.m-1024x683.png 1024w, https:\/\/proyectnetwork.cl\/wp-content\/uploads\/2026\/03\/ChatGPT-Image-30-mar-2026-04_46_51-p.m-300x200.png 300w, https:\/\/proyectnetwork.cl\/wp-content\/uploads\/2026\/03\/ChatGPT-Image-30-mar-2026-04_46_51-p.m-768x512.png 768w, https:\/\/proyectnetwork.cl\/wp-content\/uploads\/2026\/03\/ChatGPT-Image-30-mar-2026-04_46_51-p.m.png 1536w\" sizes=\"auto, (max-width: 1024px) 100vw, 1024px\" \/><\/figure><\/div>\n<\/div>\n\n\n\n<div class=\"wp-block-group alignfull has-ast-global-color-4-background-color has-background is-layout-constrained wp-container-core-group-is-layout-6a2cfb7b wp-block-group-is-layout-constrained\" id=\"reviews\">\n<div class=\"wp-block-group is-layout-constrained wp-block-group-is-layout-constrained\">\n<div class=\"wp-block-group is-content-justification-space-between is-nowrap is-layout-flex wp-container-core-group-is-layout-cb46ffcb wp-block-group-is-layout-flex\"><div class=\"ub_counter-container wp-block-ub-counter\" id=\"ub-counter-\">\n\t\t\t\t\t<div class=\"ub_counter ub_text-center\" data-start_num=\"2\" data-end_num=\"325\" data-animation_duration=\"3\" style=\"\">\n\t\t\t\t\t\t \n\t\t\t\t\t\t <div class=\"ub_counter-number-wrapper\" style=\"font-size: 48px; \">\n\t\t\t\t\t\t\t  <span class=\"ub_counter-prefix\"><\/span>\n\t\t\t\t\t\t\t  <span class=\"ub_counter-number\">0<\/span>\n\t\t\t\t\t\t\t  <span class=\"ub_counter-suffix\">+<\/span>\n\t\t\t\t\t\t <\/div>\n\t\t\t\t\t\t <div class=\"ub_counter-label-wrapper\" style=\"font-size: 16px; \"><span class=\"ub_counter-label\">CLIENTES FELICES<\/span><\/div>\n\t\t\t\t\t<\/div>\n\t\t\t   <\/div>\n\n<div class=\"ub_counter-container wp-block-ub-counter\" id=\"ub-counter-\">\n\t\t\t\t\t<div class=\"ub_counter ub_text-center\" data-start_num=\"2\" data-end_num=\"5\" data-animation_duration=\"3\" style=\"\">\n\t\t\t\t\t\t \n\t\t\t\t\t\t <div class=\"ub_counter-number-wrapper\" style=\"font-size: 48px; \">\n\t\t\t\t\t\t\t  <span class=\"ub_counter-prefix\"><\/span>\n\t\t\t\t\t\t\t  <span class=\"ub_counter-number\">0<\/span>\n\t\t\t\t\t\t\t  <span class=\"ub_counter-suffix\">+<\/span>\n\t\t\t\t\t\t <\/div>\n\t\t\t\t\t\t <div class=\"ub_counter-label-wrapper\" style=\"font-size: 16px; \"><span class=\"ub_counter-label\">A\u00d1OS<\/span><\/div>\n\t\t\t\t\t<\/div>\n\t\t\t   <\/div>\n\n<div class=\"ub_counter-container wp-block-ub-counter\" id=\"ub-counter-\">\n\t\t\t\t\t<div class=\"ub_counter ub_text-center\" data-start_num=\"2\" data-end_num=\"100\" data-animation_duration=\"2\" style=\"\">\n\t\t\t\t\t\t \n\t\t\t\t\t\t <div class=\"ub_counter-number-wrapper\" style=\"font-size: 48px; \">\n\t\t\t\t\t\t\t  <span class=\"ub_counter-prefix\"><\/span>\n\t\t\t\t\t\t\t  <span class=\"ub_counter-number\">0<\/span>\n\t\t\t\t\t\t\t  <span class=\"ub_counter-suffix\">+<\/span>\n\t\t\t\t\t\t <\/div>\n\t\t\t\t\t\t <div class=\"ub_counter-label-wrapper\" style=\"font-size: 16px; \"><span class=\"ub_counter-label\">PROYECTOS<\/span><\/div>\n\t\t\t\t\t<\/div>\n\t\t\t   <\/div><\/div>\n<\/div>\n<\/div>\n\n\n\n<div class=\"wp-block-group alignfull is-layout-constrained wp-container-core-group-is-layout-3fee123f wp-block-group-is-layout-constrained\" id=\"whyus\" style=\"padding-top:144px;padding-bottom:144px\">\n<h2 class=\"wp-block-heading\" id=\"10-why-choose-us\">Por que nosotros<\/h2>\n\n\n\n<div class=\"wp-block-columns is-layout-flex wp-container-core-columns-is-layout-29aadeec wp-block-columns-is-layout-flex\" style=\"margin-top:60px\">\n<div class=\"wp-block-column is-layout-flow wp-container-core-column-is-layout-6b73ce23 wp-block-column-is-layout-flow\">\n<figure class=\"wp-block-image size-large\"><img src=\"https:\/\/proyectnetwork.cl\/wp-content\/themes\/astra\/inc\/assets\/images\/starter-content\/passionate.svg\" alt=\"\" class=\"wp-image-162\" width=\"48\" height=\"48\" loading=\"lazy\" decoding=\"async\"\/><\/figure>\n\n\n\n<h3 class=\"wp-block-heading\" id=\"11-passionate\" style=\"margin-top:16px\">Experiencia<\/h3>\n\n\n\n<p>Llevamos mas de 5 a\u00f1os en el rubro, de seguridad como en redes, tenemos una amplia gama de servicios para tu hogar o empresa.<\/p>\n<\/div>\n\n\n\n<div class=\"wp-block-column is-layout-flow wp-container-core-column-is-layout-6b73ce23 wp-block-column-is-layout-flow\">\n<figure class=\"wp-block-image size-large\"><img src=\"https:\/\/proyectnetwork.cl\/wp-content\/themes\/astra\/inc\/assets\/images\/starter-content\/professional.svg\" alt=\"\" class=\"wp-image-163\" width=\"48\" height=\"48\" loading=\"lazy\" decoding=\"async\"\/><\/figure>\n\n\n\n<h3 class=\"wp-block-heading\" id=\"12-professional\" style=\"margin-top:16px\">Profesionales<\/h3>\n\n\n\n<p>Somos especialistas en seguridad, redes e informatica, logrando un buen desempe\u00f1o para mantener a nuestra gran gama de clientes con servicio continuo y monitoreo.<\/p>\n<\/div>\n\n\n\n<div class=\"wp-block-column is-layout-flow wp-container-core-column-is-layout-6b73ce23 wp-block-column-is-layout-flow\">\n<figure class=\"wp-block-image size-large\"><img src=\"https:\/\/proyectnetwork.cl\/wp-content\/themes\/astra\/inc\/assets\/images\/starter-content\/support.svg\" alt=\"\" class=\"wp-image-164\" width=\"48\" height=\"48\" loading=\"lazy\" decoding=\"async\"\/><\/figure>\n\n\n\n<h3 class=\"wp-block-heading\" id=\"13-support\" style=\"margin-top:16px\">Soporte<\/h3>\n\n\n\n<p>Tenemos soporte todos los dias de la semana, coordinando una visita que mas le convenga a nuestros clientes, con un buen feedback.<\/p>\n<\/div>\n<\/div>\n<\/div>\n\n\n\n<div class=\"wp-block-group alignfull has-background is-layout-constrained wp-container-core-group-is-layout-cfcca693 wp-block-group-is-layout-constrained\" id=\"contact\" style=\"background:linear-gradient(35deg,rgb(6,0,151) 0%,rgb(130,4,255) 64%,rgb(193,15,255) 98%);padding-top:104px;padding-bottom:104px\">\n<h2 class=\"wp-block-heading has-text-align-center has-text-color\" id=\"14-get-a-professional-website-today\" style=\"color:#ffffff\">}<\/h2>\n\n\n\n<div class=\"wp-block-buttons alignwide is-horizontal is-content-justification-center is-layout-flex wp-container-core-buttons-is-layout-bba8380a wp-block-buttons-is-layout-flex\" style=\"margin-top:50px\"><\/div>\n<\/div>\n","protected":false},"excerpt":{"rendered":"<p>Socios Partners Servicios C\u00e1maras de vigilancia (CCTV) Instalaci\u00f3n de sistemas de videovigilancia para monitorear en tiempo real tu hogar o [&hellip;]<\/p>\n","protected":false},"author":1,"featured_media":0,"parent":0,"menu_order":0,"comment_status":"closed","ping_status":"closed","template":"","meta":{"site-sidebar-layout":"no-sidebar","site-content-layout":"plain-container","ast-site-content-layout":"default","site-content-style":"default","site-sidebar-style":"default","ast-global-header-display":"","ast-banner-title-visibility":"","ast-main-header-display":"","ast-hfb-above-header-display":"","ast-hfb-below-header-display":"","ast-hfb-mobile-header-display":"","site-post-title":"disabled","ast-breadcrumbs-content":"","ast-featured-img":"","footer-sml-layout":"","ast-disable-related-posts":"","theme-transparent-header-meta":"enabled","adv-header-id-meta":"","stick-header-meta":"","header-above-stick-meta":"","header-main-stick-meta":"","header-below-stick-meta":"","astra-migrate-meta-layouts":"default","ast-page-background-enabled":"default","ast-page-background-meta":{"desktop":{"background-color":"var(--ast-global-color-5)","background-image":"","background-repeat":"repeat","background-position":"center center","background-size":"auto","background-attachment":"scroll","background-type":"","background-media":"","overlay-type":"","overlay-color":"","overlay-opacity":"","overlay-gradient":""},"tablet":{"background-color":"","background-image":"","background-repeat":"repeat","background-position":"center center","background-size":"auto","background-attachment":"scroll","background-type":"","background-media":"","overlay-type":"","overlay-color":"","overlay-opacity":"","overlay-gradient":""},"mobile":{"background-color":"","background-image":"","background-repeat":"repeat","background-position":"center center","background-size":"auto","background-attachment":"scroll","background-type":"","background-media":"","overlay-type":"","overlay-color":"","overlay-opacity":"","overlay-gradient":""}},"ast-content-background-meta":{"desktop":{"background-color":"var(--ast-global-color-4)","background-image":"","background-repeat":"repeat","background-position":"center center","background-size":"auto","background-attachment":"scroll","background-type":"","background-media":"","overlay-type":"","overlay-color":"","overlay-opacity":"","overlay-gradient":""},"tablet":{"background-color":"var(--ast-global-color-4)","background-image":"","background-repeat":"repeat","background-position":"center center","background-size":"auto","background-attachment":"scroll","background-type":"","background-media":"","overlay-type":"","overlay-color":"","overlay-opacity":"","overlay-gradient":""},"mobile":{"background-color":"var(--ast-global-color-4)","background-image":"","background-repeat":"repeat","background-position":"center center","background-size":"auto","background-attachment":"scroll","background-type":"","background-media":"","overlay-type":"","overlay-color":"","overlay-opacity":"","overlay-gradient":""}},"footnotes":""},"class_list":["post-15","page","type-page","status-publish","hentry"],"featured_image_src":null,"_links":{"self":[{"href":"https:\/\/proyectnetwork.cl\/index.php?rest_route=\/wp\/v2\/pages\/15","targetHints":{"allow":["GET"]}}],"collection":[{"href":"https:\/\/proyectnetwork.cl\/index.php?rest_route=\/wp\/v2\/pages"}],"about":[{"href":"https:\/\/proyectnetwork.cl\/index.php?rest_route=\/wp\/v2\/types\/page"}],"author":[{"embeddable":true,"href":"https:\/\/proyectnetwork.cl\/index.php?rest_route=\/wp\/v2\/users\/1"}],"replies":[{"embeddable":true,"href":"https:\/\/proyectnetwork.cl\/index.php?rest_route=%2Fwp%2Fv2%2Fcomments&post=15"}],"version-history":[{"count":61,"href":"https:\/\/proyectnetwork.cl\/index.php?rest_route=\/wp\/v2\/pages\/15\/revisions"}],"predecessor-version":[{"id":141,"href":"https:\/\/proyectnetwork.cl\/index.php?rest_route=\/wp\/v2\/pages\/15\/revisions\/141"}],"wp:attachment":[{"href":"https:\/\/proyectnetwork.cl\/index.php?rest_route=%2Fwp%2Fv2%2Fmedia&parent=15"}],"curies":[{"name":"wp","href":"https:\/\/api.w.org\/{rel}","templated":true}]}}